ose -18 = -2*d - 2*m, -5*d + m = -r*m - 53. What is the greatest common divisor of 90 and d?
10
Let u be (6048/(-441))/(5/((-105)/6)). What is the greatest common factor of u and 40?
8
Suppose 0 = 3*l + 2*l - 50. Suppose 0 = z - 4*q - 15, 2*z + q + 2 = 5. Let s be 20/z*(12 + -6). Calculate the highest common factor of s and l.
10
Let s(u) = u + 12. Let l be s(-5). Suppose l = 2*h + f, 4*h = -4*f - f - 1. What is the highest common divisor of 30 and h?
6
Suppose -9*s + 180 = -0*s. Suppose -3*r - r = -s. What is the greatest common factor of r and 5?
5
Let d = -8 - -32. Let u = -3 + d. Let s = -15 + u. What is the greatest common divisor of 3 and s?
3
Let q = -18 + 19. Let r(b) be the first derivative of b**2/2 - 3*b - 4. Let d be r(4). What is the greatest common factor of d and q?
1
Let i(m) = -m**3 + 2*m + 77. Let t be i(0). What is the highest common factor of t and 88?
11
Suppose 6*u - 2*u + 5*r = 369, 458 = 5*u + 3*r. Suppose 3*c - 27 = 3*x, 2*c - 4*x + 0*x = 10. Calculate the highest common factor of c and u.
13
Let x(n) = -n**3 - 4*n**2 + 4*n + 3. Let y be x(-5). Let t be (36/8)/((-3)/(-48)). Calculate the greatest common divisor of y and t.
8
Let f = 33 + -17. Suppose -4*t + f + 48 = 0. Suppose 11 = 5*b - 2*b + 4*z, -4*b - 5*z = -t. What is the highest common factor of 18 and b?
9
Let k(o) = -o**3 + o + 9. Let x be -1 + 16/12*12. Suppose 10*d - x*d = 0. Let y be k(d). Calculate the greatest common divisor of 63 and y.
9
Let p be 4/(-14) - 8844/(-336)*4. Calculate the greatest common divisor of 70 and p.
35
Let z be -2*(75/(-6) - 1). Let f be ((-3402)/15)/(-6)*5. Calculate the highest common factor of f and z.
27
Suppose 13*g - 31*g + 306 = 0. Suppose g = 9*k - 1. Suppose -4*f + 52 = -20. Calculate the highest common divisor of f and k.
2
Suppose 2*f + 2*d - 44 = 0, -4*f - 3*d + 60 = -30. What is the greatest common divisor of f and 488?
8
Let k(i) = -i**3 - 7*i**2 + i - 4. Let y be k(-8). Suppose 2*t = -x + 56, -6*x - 4*t = -10*x + 200. What is the highest common divisor of y and x?
52
Let h = 340 - 186. Let r = -16 + h. Let j = r - 58. What is the greatest common divisor of 10 and j?
10
Suppose 0 = 2*y - 2*h + 14, -5*y + 4*h = 36 - 6. Let d be (-2)/y - 5/((-15)/72). Calculate the greatest common factor of d and 225.
25
Let b = -15 + 39. Suppose 0*w + 3*w = b. Calculate the greatest common divisor of 8 and w.
8
Let w(f) = -6 + 8 + 7 + f - 2*f. Let v be ((-7)/2)/(1/(-2)). Let j be w(v). What is the greatest common divisor of 2 and j?
2
Let r be (-1)/(-3 + 2) + 2. Let v = r - -8. Suppose -4*y = -21 - v. Calculate the greatest common factor of 32 and y.
8
Let c be (2 + -1)*(-3)/(-1). Suppose c*v - 32 = 184. Suppose 5*l - 46 = -3*q, 0 = 2*l - 4*q - 0*q - 8. What is the greatest common factor of v and l?
8
Let a be (8/(-2))/8*2. Let r be 6 + 0/a + 3 + -1. What is the highest common factor of 104 and r?
8
Suppose 0 = 3*k + 4*t - 21, -2*k + 18 = t + 3*t. Suppose -4*c - 285 = -x - k*c, -x = c - 275. What is the highest common divisor of 35 and x?
35
Suppose h - 3*w + 4*w - 5 = 0, -w = 3*h - 21. Let a(n) = -n**2 - 4*n + 6. Let v be a(-5). Let j = 23 + v. Calculate the highest common factor of j and h.
8
Let r(m) = -22*m + 231. Let b be r(10). Calculate the greatest common factor of 176 and b.
11
Suppose 1705*b - 1700*b - 1330 = 0. What is the greatest common factor of 42 and b?
14
Suppose 5*f + z = 137, -2*f + 3*z = 5*z - 50. Calculate the highest common factor of f and 63.
7
Let r be -6*(-8)/3 - -3. Let i = r - 9. Suppose l - 2*t = -3*t + 23, 4*t - 117 = -5*l. What is the highest common divisor of l and i?
5
Let g(n) = 3*n - 3. Let b be g(1). Suppose b = l - 1, 14 = 4*q + 3*l - 5. Calculate the greatest common factor of q and 44.
4
Let i be ((3 - 8)/15)/((-2)/156). Suppose i*n - 30 = 25*n. What is the greatest common divisor of n and 12?
6
Let h = -18 - -3. Let f = h + 41. Let x = 53 - 27. What is the greatest common divisor of x and f?
26
Let x = -7 - -19. Let g(f) = -95*f**3 + 2*f**2 - 1. Let y be g(-1). What is the highest common factor of y and x?
12
Suppose 2*g + 26 = -3*c, 2*c - 52 = 4*g + 5*c. Let o = -7 - g. Let b be 66/4*4/o. What is the greatest common divisor of 44 and b?
11
Suppose 0 = -56*f + 51*f + 2835. What is the greatest common divisor of f and 7?
7
Let k be 2/(-4)*18/(-3). Suppose k*r - 52 = -r. What is the highest common factor of 104 and r?
13
Let v(f) = -f + 18. Let l be v(0). Suppose 8 = 4*d - 4, -2*d + 10 = 2*j. What is the greatest common divisor of l and j?
2
Let t be ((-4)/10)/((-5)/525). Let x = t + -24. Calculate the highest common divisor of x and 12.
6
Suppose 6*z - 4*z - 64 = 0. Suppose -2*r = 3*r - 10. Suppose -l - 32 = -r*b + 4*l, z = 2*b - 4*l. Calculate the greatest common divisor of 128 and b.
16
Let i = -1661 - -1686. Calculate the greatest common factor of i and 25.
25
Let z(f) = -f**2 - 18*f + 17. Let r be z(-19). Let x be 2 + (-44)/(r - 0). Calculate the highest common divisor of 6 and x.
6
Suppose 2*o - 35 = -5*h, o + 17 = 2*o + 3*h. Suppose 3*u + o = -2*u. Let x be 0 + u - 0 - -6. What is the highest common factor of x and 5?
1
Let i be (-2)/((-1)/40*2). Suppose -i + 25 = -3*r. What is the highest common divisor of 1 and r?
1
Suppose 265 - 50 = 5*r. Suppose -r = 4*a - 171. Suppose 0 = -k - 3*k + a. What is the greatest common divisor of 72 and k?
8
Suppose -13*r = -5*r - 488. Let c = 106 - r. What is the greatest common divisor of c and 225?
45
Let n(h) = -h**3 + 3*h**2 + 6*h - 9. Let x be n(4). Let j be (x + -4)/(20/(-24)). Let l be ((-8)/j)/((-1)/6). What is the highest common divisor of 20 and l?
4
Let m be 22 - -1*(2 + -2). Let o(i) = -15*i + 1. Let z be o(1). Let s = -12 - z. What is the greatest common factor of s and m?
2
Let c(v) = -v**2 + 18*v - 45. Let t be c(14). Let o = 45 - t. Calculate the greatest common divisor of o and 85.
17
Let u(q) = 44*q**2 - 262*q + 9. Let i be u(6). Calculate the greatest common factor of i and 56.
7
Let g be 19/(140/(-21) + 7). Calculate the greatest common factor of 95 and g.
19
Suppose 41 = 4*r - 39. Suppose -2*v + r = 4. Suppose -2*t = 4*g - 26, t - 21 = -3*g - g. What is the greatest common factor of g and v?
4
Suppose -j + 3 + 0 = 0. Suppose 0 = -j*r + y + 28, 0 = 4*r - 4*y + 2*y - 36. Let x = -53 - -83. Calculate the greatest common factor of r and x.
10
Suppose 0 = -5*z - 5*f + 355, -3*f - 89 + 2 = -z. What is the highest common factor of 25 and z?
25
Let n = 14 + -9. Let x be 2*((-165)/(-6))/n. Suppose -2*w - x = -27. What is the greatest common divisor of w and 20?
4
Let w(r) = -746*r - 733. Let f be w(-3). What is the highest common factor of f and 43?
43
Let f be (-2)/7 - (-18)/14. Suppose 9*c + 44 = 13*c + 6*b, 4*b = -3*c + 33. Calculate the highest common divisor of f and c.
1
Suppose -3*u + 34 = 5*k + 7, -k - 1 = -u. Let h = 54 - 42. What is the greatest common divisor of u and h?
4
Let x(q) = 13*q**2. Let g be x(2). Let t = 7 - 6. Let n be 13*(0 - (-1)/t). Calculate the greatest common divisor of g and n.
13
Let n(s) = -24*s + 1. Let w be n(-2). Suppose 172*q = 1300 - 96. What is the highest common divisor of q and w?
7
Let l(o) = -5*o - 23. Let p be l(-5). Suppose 3*x - 2*a - 88 = 3, 0 = -p*x - 2*a + 64. What is the highest common divisor of 217 and x?
31
Let l = 1 + 1. Suppose -g = -5*v - 14, -6*g - 56 = -9*g + v. Suppose -80 = -h + l*q + g, 0 = 5*h + 2*q - 531. Calculate the highest common factor of h and 21.
21
Suppose -4*h = -318 + 98. Calculate the highest common factor of 440 and h.
55
Let t(j) = 253*j**2 + 17*j + 16. Let a be t(-1). What is the greatest common divisor of a and 420?
84
Let q(x) = -3*x + 3. Let m be q(-4). Let l = 68 - 173. Let s = l + 225. What is the greatest common factor of m and s?
15
Suppose 0 = -3*b - 4*f - 180, -4*b - 2*f - 94 = 136. Let q be 6/(-4)*b/21. What is the greatest common divisor of q and 6?
2
Let o = 12 - 5. Let f be (3 - 1)*(-249)/(-6). Let l = f - 48. What is the highest common divisor of l and o?
7
Let z = -22 - -44. Let n(o) = 8*o**2 + 16*o - 22. Let w be n(-3). Calculate the highest common divisor of w and z.
2
Let n = -611 + 635. What is the greatest common factor of 6 and n?
6
Let u(d) = -d**3 + 2*d**2 + 42*d + 20. Let a be u(-8). What is the greatest common divisor of a and 24?
12
Suppose 28*